alculate the highest common factor of 1 and s.
1
Suppose 64*a - 1134 = -34*a + 89*a. Let v be ((-2)/(-4))/((-2)/(-144)). What is the greatest common divisor of v and a?
18
Let a = -56 + 58. Let g be a/(-11) + (-356)/(-22). Suppose 12*s - 609 = 159. Calculate the greatest common divisor of g and s.
16
Suppose 12*c + 445 = 15*c - 4*a, -2*c - 3*a + 291 = 0. Calculate the highest common divisor of c and 1519.
49
Suppose -4*k = 2*s - 0 - 4, s - k - 2 = 0. Suppose -7 = -3*l - 2*i - 0, s*l + i = 6. Calculate the greatest common divisor of l and 145.
5
Suppose 3*t - 14 = 112. Suppose -4*m + 60 = -w, -3*m = -2*w + 17 - 67. Calculate the greatest common factor of m and t.
14
Suppose -701*o = -683*o - 6804. Calculate the greatest common divisor of o and 56.
14
Let k = -322 + 28. Let x = k + 342. What is the highest common divisor of x and 112?
16
Let l be 12/(-27) + 7424/(-144). Let x = 128 - l. Calculate the greatest common factor of 225 and x.
45
Suppose 102*p - 21*p - 59885 = 2890. What is the greatest common divisor of 325 and p?
25
Suppose -5*w + 5*u = -40, -3*w + 18 = u + 2*u. Let j(m) = -m**3 + 11*m**2 - 18*m + 17. Let q be j(w). Calculate the highest common factor of 29 and q.
29
Let z be (2/(-8))/((-6)/14232) + 3. Let t be z - (11 + (-1 - 6)). Calculate the greatest common divisor of t and 37.
37
Let h(n) be the third derivative of n**4/12 + 35*n**3/6 + 19*n**2. Let p be h(-15). Suppose -p*m + 56 = 11. What is the highest common factor of 6 and m?
3
Let t(o) = -3*o**2 + 47*o - 27. Let l be t(15). Suppose 0 = -y - l*h + 99, -4*y + 9*y - 438 = 4*h. What is the greatest common divisor of 135 and y?
45
Let k(g) = -g**2 - 19*g + 166. Let s be k(6). Let t(h) = 9*h - 9*h + 18*h - 26 - h**2. Let i be t(s). What is the highest common divisor of 12 and i?
6
Let s = 3623 + -2473. What is the highest common factor of 50 and s?
50
Suppose 239*u - 3*d + 148 = 244*u, d = -4*u + 110. Let h = -45 + 175. Suppose 0 = 3*i - i - h. What is the greatest common divisor of u and i?
13
Suppose 0*s + 3*s = 21. Suppose -f = -q + 13, s = -3*f - 2. Suppose -3*i = -q*i + 49. What is the greatest common divisor of 77 and i?
7
Let x be (7 - 11)*(-3)/6. Let i = -2203 - -2211. Calculate the highest common divisor of x and i.
2
Let z be 2 - 16 - (-210)/6. Calculate the highest common divisor of 3276 and z.
21
Let l = -199 - -205. Suppose l*d = -18 + 816. Calculate the highest common factor of d and 38.
19
Suppose 7*k = u + 3*k - 10, -1 = -u + k. Let n be 16 - u*6/4. Let q be (7 - (-2220)/(-24))*(-3 + 1). Calculate the greatest common divisor of n and q.
19
Suppose g - 2*g = -30. Let l = g + -3. Let s = l + -17. What is the highest common factor of 80 and s?
10
Let m = 69 - -40. Let q = 123 - m. Let z be 9/(16/(-112) + 4/q). What is the greatest common divisor of 9 and z?
9
Let a be (-3)/5*1 + 319320/450. Let h = a + -701. Let t(s) = -9*s - 2. Let m be t(-2). What is the greatest common divisor of m and h?
8
Suppose 5*v = 3*h - 748, 184 + 298 = 2*h + 5*v. Let c be 21 - 12 - -3*-3*7/21. What is the greatest common factor of c and h?
6
Let g be 40/16*138/115. What is the highest common factor of g and 5766?
3
Let v(r) = -48*r + 2112. Let t be v(5). Calculate the highest common divisor of 8 and t.
8
Let w = 8061 - 7261. What is the greatest common factor of 224 and w?
32
Let l = 4648 + -4631. Calculate the highest common divisor of 11 and l.
1
Let t = 37186 + -37072. Let n be (3/(-2))/(3/(-12)). What is the highest common factor of n and t?
6
Let u be 6/(-4)*(-30)/9. Suppose -4*k + 10 = -b, -u*k - 15 = -4*b - 0*k. Suppose -34*o = -23*o + 33*o - 3080. Calculate the greatest common divisor of b and o.
10
Let x(y) = 126*y**2 + 3*y + 1. Let o be (1/2)/((-8)/16). Let s be x(o). Let h = -110 + s. What is the greatest common divisor of h and 21?
7
Suppose -166*c + 43202 = 8674. Suppose z + 3*z - 214 = -2*r, 2*r - 266 = -5*z. What is the highest common divisor of c and z?
52
Let q = -328 + 600. Let l = -96 + q. Let j be (-8)/(-16) - (-31)/2. Calculate the highest common divisor of l and j.
16
Let a(h) = 614*h + 15719. Let d be a(-25). Let f = -46 + 87. Calculate the highest common factor of d and f.
41
Let c be (-13)/((-13)/(-2))*-364. What is the greatest common factor of c and 1352?
104
Let t = 2728 - 2700. Calculate the highest common divisor of 3178 and t.
14
Let c be (-2)/(-3) - -1*(-116)/(-6). Suppose c = 2*r + 2*j, 2*r = 4*j + 4 - 8. Calculate the greatest common factor of r and 21.
3
Let i(j) = 12*j - 15 - 25 + 57. Let y be i(-4). Let f = -19 - y. What is the highest common factor of f and 60?
12
Let i(y) = 414*y**2 + 117*y - 353. Let h be i(3). What is the highest common divisor of h and 588?
196
Let r(d) = -d**3 + 20*d**2 - 59*d + 101. Let a be r(14). Calculate the greatest common factor of 41 and a.
41
Let s be 2072 + 7 + 14 + -13. Calculate the highest common factor of 32 and s.
32
Let l = 68 - 68. Let n(a) = l*a**3 + 13 - 10*a**2 - 9*a - 10*a + a**3 + 8*a. Let h be n(11). Calculate the greatest common divisor of 13 and h.
13
Let i = 64 + -112. Let y = i - -51. Suppose 0 = y*b + 5*s - 106, 5*b - b - 98 = 2*s. What is the greatest common divisor of b and 81?
27
Let p(q) = 160*q**2 - 34 + 4*q - 32 + 63. Let t be p(1). Calculate the greatest common divisor of 7 and t.
7
Let r be 13/(286/187)*94. What is the greatest common factor of r and 85?
17
Let h be 2/(10/(-116)*(-128)/27680). Calculate the highest common factor of 29 and h.
29
Suppose -74 = -2*t + 34. Suppose -26*b + 27*b = 99. Calculate the highest common factor of t and b.
9
Suppose -1082 - 466 = -12*s. What is the greatest common divisor of 252 and s?
3
Let m(c) = 90734*c**3 - 5*c**2 - c. Let n be m(1). Let i be (-8)/84 + n/84. Calculate the highest common divisor of i and 36.
36
Let k be ((-45)/12)/(3/(-4)). Let s be (-3)/(((-6)/k)/((-44)/(-55))). Suppose 4*p - 4 = 5*l + 6, -3*l = 4*p - 26. What is the highest common factor of s and p?
1
Suppose -153*h = 201*h - 294*h - 269340. Calculate the greatest common factor of h and 67.
67
Let j be 68/(1 - -3) + -3. Suppose -2 + j = -4*y. Let p(b) = -4*b - 7. Let m be p(y). What is the greatest common factor of m and 10?
5
Suppose -3*i - 1106*j = -1110*j - 1620, -3*j - 1081 = -2*i. Calculate the highest common divisor of 6499 and i.
67
Let r(g) = -15*g - 60. Let c be r(-5). Suppose 19 = f - 1. What is the highest common factor of c and f?
5
Let z = 51 - -3. Let l(f) = -2*f + 20. Let c be l(10). Suppose c = -4*n + 28 + 80. What is the highest common factor of z and n?
27
Suppose 12*g + 31752 = -0*g. Let r be -25*(g/(-35))/(-9). Calculate the highest common factor of r and 60.
30
Let c be (1 + -4)*(-440)/30. Calculate the highest common divisor of 3124 and c.
44
Let b = -13858 - -14134. Calculate the highest common factor of 2553 and b.
69
Suppose -2273*m = -2270*m - 492. Calculate the highest common divisor of 20 and m.
4
Suppose -68*d + 3358 = -178. Calculate the highest common factor of d and 44096.
52
Suppose -4*u - 12 + 24 = 0. Suppose 1121 = 4*p - i, u*p + 2*p = -2*i + 1385. What is the greatest common factor of p and 9?
9
Let v = 85 - 83. Let b be v + ((-56)/(-30) - (-12)/90). Calculate the greatest common factor of 52 and b.
4
Let q = 746 - 699. Suppose q*k = 45*k + 876. What is the highest common factor of k and 12?
6
Suppose -102*w = a - 106*w - 772, 2351 = 3*a - 5*w. Calculate the highest common divisor of 144 and a.
72
Suppose 0 = -0*r + 3*r + 3*o - 765, 0 = -r + 5*o + 237. Let a = r - 247. Calculate the highest common divisor of 55 and a.
5
Suppose 0 = c - 4*w + 10, 5*w - 80 = 11*c - 6*c. Let h be (-1258)/(-12) - (57/c - -3). Calculate the greatest common factor of 168 and h.
21
Suppose -3*x - 1 = 2*v - 3*v, 0 = -4*x - 5*v + 24. Suppose -10*l + 5*l = -225. Let g be 207/l + (-2)/(-5). What is the greatest common divisor of x and g?
1
Let q = 1773 + -2511. Let x = -731 - q. What is the highest common factor of x and 10?
1
Suppose 2*j = -k + 7 - 26, 0 = -4*j - 4*k - 40. Let p(f) = -8*f - 67. Let s be p(j). Let u = 11 + -6. Calculate the highest common factor of u and s.
5
Let f be ((-549)/(-45) - 10)/(1/5). Suppose f*y = 19*y - 952. What is the highest common factor of y and 7?
7
Let w(j) = 6*j**2 - 24. Suppose -3*t - 25 + 5 = 4*c, c + 3*t = -5. Let a be w(c). What is t